 + 5. Let i be f(5). Calculate the greatest common divisor of c and i.
10
Suppose 0 = -5*h + 19 + 16. Suppose h*p - 3*p - 16 = 0. Suppose 0 = 3*b + 2*i - p*i - 94, -3*b - 5*i = -101. Calculate the highest common divisor of 8 and b.
8
Let n(s) = s**3 + s + 14. Let h be n(0). What is the greatest common factor of 112 and h?
14
Let p(b) = -b + 8. Let h be p(5). Suppose -h*l + 5*l - 304 = 0. Let t(m) = -2*m - 1. Let s be t(-10). Calculate the highest common divisor of l and s.
19
Let k be ((-4)/(-10))/((-3)/(-90)). What is the greatest common factor of k and 12?
12
Suppose 110 = 44*h - 39*h. Calculate the greatest common factor of h and 44.
22
Suppose -861 = -12*t + 399. Suppose 2*h = -2*h + 60. What is the greatest common factor of t and h?
15
Suppose -3*i - 1 = 5. Let a be (17/(-4) - i)*-4. Let w(p) = p**2 - 8*p + 11. Let k be w(a). Calculate the highest common factor of 180 and k.
20
Let a = 20 - 33. Let f = 29 + a. Calculate the greatest common factor of 144 and f.
16
Suppose 30*d - 26*d - 48 = 0. Calculate the highest common divisor of 3 and d.
3
Let l be 30*4/6*1. Let s(z) be the second derivative of -z**3/6 + 5*z**2 + 5*z. Let n be s(6). What is the highest common divisor of n and l?
4
Let s = 3 - 1. Suppose s*f = 3*w, 7*w - 2*w = -f + 26. What is the highest common divisor of 3 and f?
3
Let i be ((-1170)/(-12))/(3/4). What is the highest common divisor of 13 and i?
13
Let b be (-220)/(-80) + (-1)/(-4). Calculate the highest common divisor of b and 9.
3
Let j = -67 + 44. Let y = j + 114. Let w be 13 + -2 - (-3 - -1). What is the greatest common factor of w and y?
13
Let j be 15/12 - (-3)/4. Let t = 3 + 0. Suppose -2*r - t*r = -90. What is the highest common divisor of r and j?
2
Let v be 142/9 + (34/(-9) - -4). What is the greatest common factor of v and 176?
16
Suppose -m + 0*h = 4*h + 2, 2*h + 10 = -5*m. Let i be m/5 - 22/(-5). What is the highest common divisor of 10 and i?
2
Suppose 2*a - 535 = -3*a. Suppose 0 = -10*g + 28 - 458. Let w = g + a. What is the highest common factor of w and 8?
8
Suppose -3*s + 2*t + 58 = 8, -30 = -s - 2*t. Calculate the highest common factor of 20 and s.
20
Let o(g) = -g**2 + 9*g. Let a be o(4). Let i be a/90 - 43/(-9). Calculate the greatest common divisor of 10 and i.
5
Let c be (-97)/(-4) + 1 - (-5)/(-20). What is the greatest common divisor of 75 and c?
25
Suppose -13 + 39 = 2*o. Let q = -5 + o. Calculate the greatest common divisor of q and 1.
1
Let k be 3/6*(-1 - -1). Suppose 4*m + k*m + 24 = 0. Let j be (-8)/m + (-4)/(-6). Calculate the greatest common divisor of j and 22.
2
Let y be (-110)/(-2)*(-1 - -2). Let p = -24 + 46. What is the greatest common factor of p and y?
11
Let w = 147 + -42. Calculate the highest common factor of w and 42.
21
Let s(x) = 28*x**2 - 14*x + 13. Let l be s(1). What is the highest common factor of 81 and l?
27
Let p = -19 - -39. Suppose -5*v = 3*t + t - 300, -4*v = 3*t - 224. What is the highest common factor of p and t?
20
Suppose -26*l + 29*l = 108. What is the greatest common factor of 24 and l?
12
Let l be 1/(-2) + 135/18. Calculate the greatest common factor of 56 and l.
7
Let i(w) = -3*w - 1 + 3 - 2 + 2. Let p be i(-3). What is the highest common divisor of 33 and p?
11
Let b be 1/(0 - (-3 - -4))*-37. What is the highest common factor of 259 and b?
37
Let v be 2 - -2*(1 - -4). Let z be -3*6/45*-120. What is the greatest common divisor of z and v?
12
Suppose -4*k + 6*k = 20. Calculate the greatest common divisor of k and 50.
10
Suppose 0*v = 2*v - 594. Calculate the highest common divisor of 27 and v.
27
Let h(t) = t**3 - 2*t**2 - 4*t + 4. Let l be h(3). Let q(z) = z**3 + z**2 - 3*z - 1. Let a be q(-2). What is the greatest common divisor of l and a?
1
Let o = 39 + -30. Let c = 132 - 87. Calculate the highest common divisor of o and c.
9
Let r(d) = d**2 + 17*d - 4. Let z be r(-18). Calculate the greatest common factor of 2 and z.
2
Suppose 3*n + 26 = -4. Let h = -5 - n. Let o be -2*(14/(-4) - -3). Calculate the greatest common divisor of o and h.
1
Let m be (-1)/(3/(-6))*33*1. What is the highest common factor of m and 165?
33
Suppose -15 - 20 = -5*q. What is the highest common factor of 1 and q?
1
Suppose 0 = -4*o + 6*o - 84. Let u be -126*-1*(-3)/(-6). What is the greatest common divisor of o and u?
21
Suppose 0*g = -4*g - 88. Let u = 37 + g. Calculate the highest common divisor of 10 and u.
5
Let i be -2*(10/(-4) - 0). Suppose -231 = 5*t + 2*q - 826, i*t = 3*q + 595. What is the greatest common factor of t and 17?
17
Let i be (-6)/(-15) + 6/10. Let x(h) = 5*h**3 + h. Let s be x(i). Suppose 5*q - k - 54 = 33, -5*q - 2*k = -96. Calculate the greatest common divisor of q and s.
6
Suppose 2*d - 3 = d. Suppose 5*g - d*c = -1 + 71, -5*c - 14 = g. What is the highest common factor of g and 44?
11
Let f be 8 + 4/(-4)*1. Suppose 0 = d + 2*d - 2*o + 13, 3*d - 5*o = -28. Let w be (-28)/(-6)*(4 + d). Calculate the highest common factor of f and w.
7
Let y(f) = -43*f + 10. Let q be y(-2). Let i(n) = -n**3 - 4*n**2 - 2*n + 4. Let v be i(-4). Calculate the highest common divisor of v and q.
12
Suppose 486 = 6*y - 282. Calculate the greatest common factor of y and 32.
32
Let s(o) = o**3 - 2*o**2 + o - 1. Let c be s(2). What is the highest common divisor of c and 1?
1
Suppose 0 = -4*l - l + 810. Let m be l/3*6/4. What is the highest common divisor of 9 and m?
9
Suppose -4*v + 102 = 3*x, -x - v + 123 = 3*x. What is the highest common divisor of x and 150?
30
Let n = 10 - 14. Let r(s) = -2*s**3 - 6*s**2 - 4*s - 3. Let x be r(n). What is the greatest common factor of x and 5?
5
Let z(b) = -4*b - 19. Let a be z(-8). What is the greatest common divisor of 26 and a?
13
Let x = 7 + -14. Let b = 19 + x. Let s(z) = -11*z + 4. Let v be s(-4). What is the greatest common divisor of v and b?
12
Suppose 4*o + 1285 + 551 = -4*m, 2304 = -5*m + 4*o. Let g be (-2)/3 + m/(-15). Calculate the greatest common factor of 12 and g.
6
Let c = -38 - -51. What is the greatest common factor of 52 and c?
13
Suppose 43 = a - 26. Calculate the greatest common factor of a and 23.
23
Let i be (-4)/16 + 3/(-4). Let z be (-21)/(-6)*(1 - i). What is the highest common divisor of 63 and z?
7
Let i(h) = -4*h + 4 + 0 + h**2 + h**2 - 2. Let j be i(2). Let f be (-27)/j*2/(-3). What is the greatest common divisor of 36 and f?
9
Let k be -3 + 1 + 0 + 8. Suppose -33 = -3*y + k. What is the greatest common factor of y and 13?
13
Let a be (13/((-39)/50))/(1/(-3)). What is the highest common divisor of a and 20?
10
Let y(i) = -i**2 + 5*i + 2. Let r be y(5). Suppose -r*c + 1 = -17. Let a be 4/6 + 21/c. What is the greatest common factor of a and 3?
3
Let o be (-6)/(-2) - 0 - -1. Suppose -3*c = -5*d - 3 + 6, -5*c + o*d = -8. Calculate the highest common divisor of 4 and c.
4
Let n(y) = -y + 10. Let j be n(0). Suppose g + 2*l = 62, j*l - 5*l = g - 27. Suppose 2*o - 14 - 12 = 0. What is the highest common divisor of g and o?
13
Suppose -3*t - 2*v = -t - 144, 3*t - 2*v - 236 = 0. Calculate the greatest common divisor of t and 114.
38
Suppose -5*j = -2*d - 172, 5*d = -5*j + 259 - 59. What is the greatest common divisor of 4 and j?
4
Suppose 0 = -3*d - j + 14, -3*d + 0 = 5*j - 10. Suppose -13 = 4*k + 7, -3*a + 61 = -d*k. Let v be 109 - 0 - 2/2. What is the greatest common factor of a and v?
12
Suppose -5*f = -0*f + 5*s - 545, 0 = -4*f - 3*s + 439. Calculate the greatest common divisor of f and 16.
16
Suppose 5*y + 13 = q, -q - 2*q - 5*y = -59. Calculate the greatest common factor of q and 27.
9
Suppose 4*s = -s + 2*v + 626, -5*s + 4*v + 622 = 0. What is the highest common factor of 14 and s?
14
Let r(f) = -2*f. Let x be r(-7). Suppose p + x = 2*p. Suppose 0*m = -3*h + m + 19, -4*h - 3*m + 34 = 0. Calculate the highest common divisor of h and p.
7
Suppose -2*c = -2*t - t + 33, -2*c - t = 29. Let k = 57 + c. What is the highest common factor of k and 14?
14
Let b(o) = -7*o + 5. Let s be b(-5). Suppose 4*z + 80 = -4*f, 2*z - 7 = f + 7. Let r = 28 + f. What is the highest common factor of r and s?
10
Let q be (-1 - 2)*(-6)/9. Suppose -3*n = 5*c - 96, 0 = -2*c - 0*n + 4*n + 28. What is the greatest common factor of c and q?
2
Let l be (-4341)/12 - 2/8. Let m be l/(-8) + 2/(-8). Calculate the greatest common factor of 15 and m.
15
Let